{"id":11,"date":"2021-07-08T15:39:42","date_gmt":"2021-07-08T18:39:42","guid":{"rendered":"https:\/\/lupatributaria.wordpress.com\/?page_id=9"},"modified":"2021-07-08T15:39:42","modified_gmt":"2021-07-08T18:39:42","slug":"about","status":"publish","type":"page","link":"https:\/\/lupatributaria.com.br\/?page_id=11","title":{"rendered":"Sobre"},"content":{"rendered":"\n<div style=\"height:20px;\" aria-hidden=\"true\" class=\"wp-block-spacer\"><\/div>\n\n\n\n<div class=\"wp-block-group alignfull\"><div class=\"wp-block-group__inner-container is-layout-flow wp-block-group-is-layout-flow\">\n<div class=\"wp-block-jetpack-layout-grid alignfull column1-desktop-grid__span-3 column1-desktop-grid__start-2 column1-desktop-grid__row-1 column2-desktop-grid__span-6 column2-desktop-grid__start-6 column2-desktop-grid__row-1 column1-tablet-grid__span-3 column1-tablet-grid__row-1 column2-tablet-grid__span-5 column2-tablet-grid__start-4 column2-tablet-grid__row-1 column1-mobile-grid__span-4 column1-mobile-grid__row-1 column2-mobile-grid__span-4 column2-mobile-grid__row-2\">\n<div class=\"wp-block-jetpack-layout-grid-column wp-block-jetpack-layout-grid__padding-none\">\n<figure class=\"wp-block-image size-full is-style-circle-mask\"><img decoding=\"async\" src=\"https:\/\/lupatributaria.files.wordpress.com\/2021\/07\/rachel-pfuetzner-0fn7fxv1ewa-unsplash.jpg\" alt=\"\" class=\"wp-image-698\" \/><\/figure>\n<\/div>\n\n\n\n<div class=\"wp-block-jetpack-layout-grid-column wp-block-jetpack-layout-grid__padding-none\">\n<h2 class=\"wp-block-heading\">Este pode ser um bom lugar para se apresentar, falar do seu site ou incluir cr\u00e9ditos.<\/h2>\n\n\n\n<p>Este \u00e9 um exemplo de uma p\u00e1gina Sobre. Diferente de posts, as p\u00e1ginas s\u00e3o mais apropriadas para conte\u00fado que n\u00e3o depende de tempo e que deve estar facilmente dispon\u00edvel, como as informa\u00e7\u00f5es nas p\u00e1ginas Sobre ou Contato. Clique no link Editar para fazer altera\u00e7\u00f5es nesta p\u00e1gina ou <a href=\"\/\/wordpress.com\/page\">adicione uma nova p\u00e1gina<\/a>.<\/p>\n<\/div>\n<\/div>\n<\/div><\/div>\n","protected":false},"excerpt":{"rendered":"<p>Este pode ser um bom lugar para se apresentar, falar do seu site ou incluir cr\u00e9ditos. Este \u00e9 um exemplo de uma p\u00e1gina Sobre. Diferente de posts, as p\u00e1ginas s\u00e3o mais apropriadas para conte\u00fado que n\u00e3o depende de tempo e que deve estar facilmente dispon\u00edvel, como as informa\u00e7\u00f5es nas p\u00e1ginas Sobre ou Contato. Clique no [&hellip;]<\/p>\n","protected":false},"author":2,"featured_media":0,"parent":0,"menu_order":0,"comment_status":"closed","ping_status":"closed","template":"","meta":{"footnotes":""},"class_list":["post-11","page","type-page","status-publish","hentry"],"blog_post_layout_featured_media_urls":{"thumbnail":"","full":""},"categories_names":null,"comments_number":"0","rttpg_featured_image_url":null,"rttpg_author":{"display_name":"Vinicius Augustus de Vasconcelos Rezende Alves","author_link":"https:\/\/lupatributaria.com.br\/?author=2"},"rttpg_comment":0,"rttpg_category":null,"rttpg_excerpt":"Este pode ser um bom lugar para se apresentar, falar do seu site ou incluir cr\u00e9ditos. Este \u00e9 um exemplo de uma p\u00e1gina Sobre. Diferente de posts, as p\u00e1ginas s\u00e3o mais apropriadas para conte\u00fado que n\u00e3o depende de tempo e que deve estar facilmente dispon\u00edvel, como as informa\u00e7\u00f5es nas p\u00e1ginas Sobre ou Contato. Clique no&hellip;","_links":{"self":[{"href":"https:\/\/lupatributaria.com.br\/index.php?rest_route=\/wp\/v2\/pages\/11","targetHints":{"allow":["GET"]}}],"collection":[{"href":"https:\/\/lupatributaria.com.br\/index.php?rest_route=\/wp\/v2\/pages"}],"about":[{"href":"https:\/\/lupatributaria.com.br\/index.php?rest_route=\/wp\/v2\/types\/page"}],"author":[{"embeddable":true,"href":"https:\/\/lupatributaria.com.br\/index.php?rest_route=\/wp\/v2\/users\/2"}],"replies":[{"embeddable":true,"href":"https:\/\/lupatributaria.com.br\/index.php?rest_route=%2Fwp%2Fv2%2Fcomments&post=11"}],"version-history":[{"count":0,"href":"https:\/\/lupatributaria.com.br\/index.php?rest_route=\/wp\/v2\/pages\/11\/revisions"}],"wp:attachment":[{"href":"https:\/\/lupatributaria.com.br\/index.php?rest_route=%2Fwp%2Fv2%2Fmedia&parent=11"}],"curies":[{"name":"wp","href":"https:\/\/api.w.org\/{rel}","templated":true}]}}